{"id":2610,"date":"2023-09-11T11:38:06","date_gmt":"2023-09-11T11:38:06","guid":{"rendered":"https:\/\/fromthemagicalrealm.com\/?post_type=product&#038;p=2610"},"modified":"2023-09-11T11:47:58","modified_gmt":"2023-09-11T11:47:58","slug":"apofilitas-ant-chalcedono","status":"publish","type":"product","link":"https:\/\/fromthemagicalrealm.com\/index.php\/product\/apofilitas-ant-chalcedono\/","title":{"rendered":"Apofilitas Ant Chalcedono"},"content":{"rendered":"<p>Apofilitas u\u017eaug\u0119s and Chalcedono.<\/p>\n<p><span style=\"font-size: 16px; -webkit-text-size-adjust: 100%;\">Svoris: 254 g.\u00a0<\/span><\/p>\n<p>Kilm\u0117: Brazilija<\/p>\n","protected":false},"excerpt":{"rendered":"<p class=\"p1\"><span class=\"s1\">Apofilitas <\/span><\/p>\n<p class=\"p1\"><span class=\"s1\">Apsauga \u2022 Meditacija \u2022 Intuicija <\/span><\/p>\n<p class=\"p1\"><span class=\"s1\">Apofilitas Nuima kaukes ir padeda pasirodyti tokiu, kokiu esi. Tokiu b\u016bdu pa\u0161alina vidin\u012f spaudim\u0105, i\u0161laisvina u\u017espaustus jausmus, skatina intuicij\u0105. Apofilitas i\u0161laisvina u\u017esl\u0117ptas emocijas, pa\u0161alina negatyvias mintis, nerim\u0105 bei leid\u017eia lengviau toleruoti ne\u017einomyb\u0119. Didina jo savininko s\u0105moningum\u0105 \u017eemi\u0161kuose reikaluose ir padeda jam priimti svarbius sprendimus. Padeda \u017eengti svarb\u0173 \u017eingsn\u012f gyvenime. Apofilitas daro s\u0105mon\u0119 ai\u0161kesn\u0119, leid\u017eia pa\u017evelgti \u012f pas\u0105mon\u0119. Padeda paai\u0161kinti naujas id\u0117jas darbo partneriams.<\/span><\/p>\n<p class=\"p1\"><span class=\"s1\">Apofilito spinduliuojanti vibracija ne\u0161a visuotin\u0117s i\u0161minties energij\u0105. Kar\u016bnos \u010dakros atidarymas ir s\u0105mon\u0117s i\u0161pl\u0117timas u\u017emezga ai\u0161k\u0173 ry\u0161\u012f su auk\u0161tesn\u0117mis sferomis. Apofilitas, gaudamas dievi\u0161k\u0105j\u012f vadovavim\u0105, \u012fkvepia savistab\u0105, siekiant suvokti ir priimti savo tikr\u0105j\u012f a\u0161.<\/span><\/p>\n<p class=\"p1\"><span class=\"s1\">Suaktyvindamas tre\u010diosios akies \u010dakr\u0105, apofilitas pa\u017eadina tavo vidin\u012f reg\u0117jim\u0105, sustiprina intuicij\u0105 ir nukreipia psichinius sugeb\u0117jimus. Suteikdamas galimyb\u0119 astralin\u0117ms kelion\u0117ms ir praeities gyvenimo tyrin\u0117jimams, jis \u012f\u017eemina siel\u0105 prie fizinio k\u016bno saugiam sugr\u012f\u017eimui.<\/span><\/p>\n<p class=\"p1\"><span class=\"s1\">D\u0117l nat\u016bralios piramid\u0117s formavimosi jis yra galingas \u0161viesos energijos laidininkas. Jo angeli\u0161kas da\u017enis \u012fkvepia aur\u0105, i\u0161valo prot\u0105 ir i\u0161laisvina \u012ftamp\u0105 i\u0161 k\u016bno. Sukurdamas rami\u0105 ir patogi\u0105 aplink\u0105, \u0161is puikus kristalas i\u0161valo bet koki\u0105 erdv\u0119 gryna balta \u0161viesa.<\/span><\/p>\n<p class=\"p1\"><span class=\"s1\">Kaip talismanas, Apofilitas saugo nuo bet kokios neigiamos energijos, kuri\u0105 \u017emogus gali gauti i\u0161 i\u0161or\u0117s (nuo fizinio smurto iki blog\u0173 ketinim\u0173). <\/span><\/p>\n","protected":false},"featured_media":2582,"template":"","meta":{"site-sidebar-layout":"default","site-content-layout":"default","ast-global-header-display":"","ast-banner-title-visibility":"","ast-main-header-display":"","ast-hfb-above-header-display":"","ast-hfb-below-header-display":"","ast-hfb-mobile-header-display":"","site-post-title":"","ast-breadcrumbs-content":"","ast-featured-img":"","footer-sml-layout":"","theme-transparent-header-meta":"default","adv-header-id-meta":"","stick-header-meta":"","header-above-stick-meta":"","header-main-stick-meta":"","header-below-stick-meta":""},"product_cat":[42,48,49],"product_tag":[66,69,67],"class_list":{"0":"post-2610","1":"product","2":"type-product","3":"status-publish","4":"has-post-thumbnail","6":"product_cat-neapdirbti-kristalai-mineralai","7":"product_cat-visi-kristalai-2","8":"product_cat-visi-produktai","9":"product_tag-apofilitas","10":"product_tag-chalcedonas","11":"product_tag-neapdirbtas-kristalas","12":"desktop-align-center","13":"tablet-align-left","14":"mobile-align-left","16":"first","17":"instock","18":"taxable","19":"shipping-taxable","20":"purchasable","21":"product-type-simple"},"yoast_head":"<!-- This site is optimized with the Yoast SEO plugin v20.13 - https:\/\/yoast.com\/wordpress\/plugins\/seo\/ -->\n<title>Apofilitas Ant Chalcedono &bull; from the magical realm<\/title>\n<meta name=\"robots\" content=\"index, follow, max-snippet:-1, max-image-preview:large, max-video-preview:-1\" \/>\n<link rel=\"canonical\" href=\"https:\/\/fromthemagicalrealm.com\/index.php\/product\/apofilitas-ant-chalcedono\/\" \/>\n<meta property=\"og:locale\" content=\"lt_LT\" \/>\n<meta property=\"og:type\" content=\"article\" \/>\n<meta property=\"og:title\" content=\"Apofilitas Ant Chalcedono &bull; from the magical realm\" \/>\n<meta property=\"og:description\" content=\"Apofilitas  Apsauga \u2022 Meditacija \u2022 Intuicija  Apofilitas Nuima kaukes ir padeda pasirodyti tokiu, kokiu esi. Tokiu b\u016bdu pa\u0161alina vidin\u012f spaudim\u0105, i\u0161laisvina u\u017espaustus jausmus, skatina intuicij\u0105. Apofilitas i\u0161laisvina u\u017esl\u0117ptas emocijas, pa\u0161alina negatyvias mintis, nerim\u0105 bei leid\u017eia lengviau toleruoti ne\u017einomyb\u0119. Didina jo savininko s\u0105moningum\u0105 \u017eemi\u0161kuose reikaluose ir padeda jam priimti svarbius sprendimus. Padeda \u017eengti svarb\u0173 \u017eingsn\u012f gyvenime. Apofilitas daro s\u0105mon\u0119 ai\u0161kesn\u0119, leid\u017eia pa\u017evelgti \u012f pas\u0105mon\u0119. Padeda paai\u0161kinti naujas id\u0117jas darbo partneriams. Apofilito spinduliuojanti vibracija ne\u0161a visuotin\u0117s i\u0161minties energij\u0105. Kar\u016bnos \u010dakros atidarymas ir s\u0105mon\u0117s i\u0161pl\u0117timas u\u017emezga ai\u0161k\u0173 ry\u0161\u012f su auk\u0161tesn\u0117mis sferomis. Apofilitas, gaudamas dievi\u0161k\u0105j\u012f vadovavim\u0105, \u012fkvepia savistab\u0105, siekiant suvokti ir priimti savo tikr\u0105j\u012f a\u0161. Suaktyvindamas tre\u010diosios akies \u010dakr\u0105, apofilitas pa\u017eadina tavo vidin\u012f reg\u0117jim\u0105, sustiprina intuicij\u0105 ir nukreipia psichinius sugeb\u0117jimus. Suteikdamas galimyb\u0119 astralin\u0117ms kelion\u0117ms ir praeities gyvenimo tyrin\u0117jimams, jis \u012f\u017eemina siel\u0105 prie fizinio k\u016bno saugiam sugr\u012f\u017eimui. D\u0117l nat\u016bralios piramid\u0117s formavimosi jis yra galingas \u0161viesos energijos laidininkas. Jo angeli\u0161kas da\u017enis \u012fkvepia aur\u0105, i\u0161valo prot\u0105 ir i\u0161laisvina \u012ftamp\u0105 i\u0161 k\u016bno. Sukurdamas rami\u0105 ir patogi\u0105 aplink\u0105, \u0161is puikus kristalas i\u0161valo bet koki\u0105 erdv\u0119 gryna balta \u0161viesa. Kaip talismanas, Apofilitas saugo nuo bet kokios neigiamos energijos, kuri\u0105 \u017emogus gali gauti i\u0161 i\u0161or\u0117s (nuo fizinio smurto iki blog\u0173 ketinim\u0173).\" \/>\n<meta property=\"og:url\" content=\"https:\/\/fromthemagicalrealm.com\/index.php\/product\/apofilitas-ant-chalcedono\/\" \/>\n<meta property=\"og:site_name\" content=\"from the magical realm\" \/>\n<meta property=\"article:publisher\" content=\"https:\/\/www.facebook.com\/fromthemagicalrealm\" \/>\n<meta property=\"article:modified_time\" content=\"2023-09-11T11:47:58+00:00\" \/>\n<meta property=\"og:image\" content=\"http:\/\/fromthemagicalrealm.com\/wp-content\/uploads\/2023\/09\/F5182F95-9B99-4E0B-9C84-57A8420DF2B8-scaled.jpeg\" \/>\n\t<meta property=\"og:image:width\" content=\"1920\" \/>\n\t<meta property=\"og:image:height\" content=\"2560\" \/>\n\t<meta property=\"og:image:type\" content=\"image\/jpeg\" \/>\n<meta name=\"twitter:card\" content=\"summary_large_image\" \/>\n<meta name=\"twitter:label1\" content=\"Est. reading time\" \/>\n\t<meta name=\"twitter:data1\" content=\"1 minut\u0117\" \/>\n<script type=\"application\/ld+json\" class=\"yoast-schema-graph\">{\"@context\":\"https:\/\/schema.org\",\"@graph\":[{\"@type\":\"WebPage\",\"@id\":\"https:\/\/fromthemagicalrealm.com\/index.php\/product\/apofilitas-ant-chalcedono\/\",\"url\":\"https:\/\/fromthemagicalrealm.com\/index.php\/product\/apofilitas-ant-chalcedono\/\",\"name\":\"Apofilitas Ant Chalcedono &bull; from the magical realm\",\"isPartOf\":{\"@id\":\"https:\/\/fromthemagicalrealm.com\/#website\"},\"datePublished\":\"2023-09-11T11:38:06+00:00\",\"dateModified\":\"2023-09-11T11:47:58+00:00\",\"breadcrumb\":{\"@id\":\"https:\/\/fromthemagicalrealm.com\/index.php\/product\/apofilitas-ant-chalcedono\/#breadcrumb\"},\"inLanguage\":\"lt-LT\",\"potentialAction\":[{\"@type\":\"ReadAction\",\"target\":[\"https:\/\/fromthemagicalrealm.com\/index.php\/product\/apofilitas-ant-chalcedono\/\"]}]},{\"@type\":\"BreadcrumbList\",\"@id\":\"https:\/\/fromthemagicalrealm.com\/index.php\/product\/apofilitas-ant-chalcedono\/#breadcrumb\",\"itemListElement\":[{\"@type\":\"ListItem\",\"position\":1,\"name\":\"Home\",\"item\":\"https:\/\/fromthemagicalrealm.com\/\"},{\"@type\":\"ListItem\",\"position\":2,\"name\":\"Shop\",\"item\":\"https:\/\/fromthemagicalrealm.com\/index.php\/shop\/\"},{\"@type\":\"ListItem\",\"position\":3,\"name\":\"Apofilitas Ant Chalcedono\"}]},{\"@type\":\"WebSite\",\"@id\":\"https:\/\/fromthemagicalrealm.com\/#website\",\"url\":\"https:\/\/fromthemagicalrealm.com\/\",\"name\":\"from the magical realm\",\"description\":\"Nat\u016bral\u016bs kristalai\",\"publisher\":{\"@id\":\"https:\/\/fromthemagicalrealm.com\/#\/schema\/person\/85dfa5d4809d3b3bf17cfed17108b346\"},\"potentialAction\":[{\"@type\":\"SearchAction\",\"target\":{\"@type\":\"EntryPoint\",\"urlTemplate\":\"https:\/\/fromthemagicalrealm.com\/?s={search_term_string}\"},\"query-input\":\"required name=search_term_string\"}],\"inLanguage\":\"lt-LT\"},{\"@type\":[\"Person\",\"Organization\"],\"@id\":\"https:\/\/fromthemagicalrealm.com\/#\/schema\/person\/85dfa5d4809d3b3bf17cfed17108b346\",\"name\":\"fromthemagicalrealm.com\",\"image\":{\"@type\":\"ImageObject\",\"inLanguage\":\"lt-LT\",\"@id\":\"https:\/\/fromthemagicalrealm.com\/#\/schema\/person\/image\/\",\"url\":\"https:\/\/fromthemagicalrealm.com\/wp-content\/uploads\/2023\/08\/cropped-cropped-53FE4852-DD1C-43D1-B95F-5E004E5056D9.png\",\"contentUrl\":\"https:\/\/fromthemagicalrealm.com\/wp-content\/uploads\/2023\/08\/cropped-cropped-53FE4852-DD1C-43D1-B95F-5E004E5056D9.png\",\"width\":3370,\"height\":2233,\"caption\":\"fromthemagicalrealm.com\"},\"logo\":{\"@id\":\"https:\/\/fromthemagicalrealm.com\/#\/schema\/person\/image\/\"},\"sameAs\":[\"http:\/\/fromthemagicalrealm.com\",\"https:\/\/www.facebook.com\/fromthemagicalrealm\",\"https:\/\/www.instagram.com\/fromthemagicalrealm\/\"]}]}<\/script>\n<!-- \/ Yoast SEO plugin. -->","yoast_head_json":{"title":"Apofilitas Ant Chalcedono &bull; from the magical realm","robots":{"index":"index","follow":"follow","max-snippet":"max-snippet:-1","max-image-preview":"max-image-preview:large","max-video-preview":"max-video-preview:-1"},"canonical":"https:\/\/fromthemagicalrealm.com\/index.php\/product\/apofilitas-ant-chalcedono\/","og_locale":"lt_LT","og_type":"article","og_title":"Apofilitas Ant Chalcedono &bull; from the magical realm","og_description":"Apofilitas  Apsauga \u2022 Meditacija \u2022 Intuicija  Apofilitas Nuima kaukes ir padeda pasirodyti tokiu, kokiu esi. Tokiu b\u016bdu pa\u0161alina vidin\u012f spaudim\u0105, i\u0161laisvina u\u017espaustus jausmus, skatina intuicij\u0105. Apofilitas i\u0161laisvina u\u017esl\u0117ptas emocijas, pa\u0161alina negatyvias mintis, nerim\u0105 bei leid\u017eia lengviau toleruoti ne\u017einomyb\u0119. Didina jo savininko s\u0105moningum\u0105 \u017eemi\u0161kuose reikaluose ir padeda jam priimti svarbius sprendimus. Padeda \u017eengti svarb\u0173 \u017eingsn\u012f gyvenime. Apofilitas daro s\u0105mon\u0119 ai\u0161kesn\u0119, leid\u017eia pa\u017evelgti \u012f pas\u0105mon\u0119. Padeda paai\u0161kinti naujas id\u0117jas darbo partneriams. Apofilito spinduliuojanti vibracija ne\u0161a visuotin\u0117s i\u0161minties energij\u0105. Kar\u016bnos \u010dakros atidarymas ir s\u0105mon\u0117s i\u0161pl\u0117timas u\u017emezga ai\u0161k\u0173 ry\u0161\u012f su auk\u0161tesn\u0117mis sferomis. Apofilitas, gaudamas dievi\u0161k\u0105j\u012f vadovavim\u0105, \u012fkvepia savistab\u0105, siekiant suvokti ir priimti savo tikr\u0105j\u012f a\u0161. Suaktyvindamas tre\u010diosios akies \u010dakr\u0105, apofilitas pa\u017eadina tavo vidin\u012f reg\u0117jim\u0105, sustiprina intuicij\u0105 ir nukreipia psichinius sugeb\u0117jimus. Suteikdamas galimyb\u0119 astralin\u0117ms kelion\u0117ms ir praeities gyvenimo tyrin\u0117jimams, jis \u012f\u017eemina siel\u0105 prie fizinio k\u016bno saugiam sugr\u012f\u017eimui. D\u0117l nat\u016bralios piramid\u0117s formavimosi jis yra galingas \u0161viesos energijos laidininkas. Jo angeli\u0161kas da\u017enis \u012fkvepia aur\u0105, i\u0161valo prot\u0105 ir i\u0161laisvina \u012ftamp\u0105 i\u0161 k\u016bno. Sukurdamas rami\u0105 ir patogi\u0105 aplink\u0105, \u0161is puikus kristalas i\u0161valo bet koki\u0105 erdv\u0119 gryna balta \u0161viesa. Kaip talismanas, Apofilitas saugo nuo bet kokios neigiamos energijos, kuri\u0105 \u017emogus gali gauti i\u0161 i\u0161or\u0117s (nuo fizinio smurto iki blog\u0173 ketinim\u0173).","og_url":"https:\/\/fromthemagicalrealm.com\/index.php\/product\/apofilitas-ant-chalcedono\/","og_site_name":"from the magical realm","article_publisher":"https:\/\/www.facebook.com\/fromthemagicalrealm","article_modified_time":"2023-09-11T11:47:58+00:00","og_image":[{"width":1920,"height":2560,"url":"http:\/\/fromthemagicalrealm.com\/wp-content\/uploads\/2023\/09\/F5182F95-9B99-4E0B-9C84-57A8420DF2B8-scaled.jpeg","type":"image\/jpeg"}],"twitter_card":"summary_large_image","twitter_misc":{"Est. reading time":"1 minut\u0117"},"schema":{"@context":"https:\/\/schema.org","@graph":[{"@type":"WebPage","@id":"https:\/\/fromthemagicalrealm.com\/index.php\/product\/apofilitas-ant-chalcedono\/","url":"https:\/\/fromthemagicalrealm.com\/index.php\/product\/apofilitas-ant-chalcedono\/","name":"Apofilitas Ant Chalcedono &bull; from the magical realm","isPartOf":{"@id":"https:\/\/fromthemagicalrealm.com\/#website"},"datePublished":"2023-09-11T11:38:06+00:00","dateModified":"2023-09-11T11:47:58+00:00","breadcrumb":{"@id":"https:\/\/fromthemagicalrealm.com\/index.php\/product\/apofilitas-ant-chalcedono\/#breadcrumb"},"inLanguage":"lt-LT","potentialAction":[{"@type":"ReadAction","target":["https:\/\/fromthemagicalrealm.com\/index.php\/product\/apofilitas-ant-chalcedono\/"]}]},{"@type":"BreadcrumbList","@id":"https:\/\/fromthemagicalrealm.com\/index.php\/product\/apofilitas-ant-chalcedono\/#breadcrumb","itemListElement":[{"@type":"ListItem","position":1,"name":"Home","item":"https:\/\/fromthemagicalrealm.com\/"},{"@type":"ListItem","position":2,"name":"Shop","item":"https:\/\/fromthemagicalrealm.com\/index.php\/shop\/"},{"@type":"ListItem","position":3,"name":"Apofilitas Ant Chalcedono"}]},{"@type":"WebSite","@id":"https:\/\/fromthemagicalrealm.com\/#website","url":"https:\/\/fromthemagicalrealm.com\/","name":"from the magical realm","description":"Nat\u016bral\u016bs kristalai","publisher":{"@id":"https:\/\/fromthemagicalrealm.com\/#\/schema\/person\/85dfa5d4809d3b3bf17cfed17108b346"},"potentialAction":[{"@type":"SearchAction","target":{"@type":"EntryPoint","urlTemplate":"https:\/\/fromthemagicalrealm.com\/?s={search_term_string}"},"query-input":"required name=search_term_string"}],"inLanguage":"lt-LT"},{"@type":["Person","Organization"],"@id":"https:\/\/fromthemagicalrealm.com\/#\/schema\/person\/85dfa5d4809d3b3bf17cfed17108b346","name":"fromthemagicalrealm.com","image":{"@type":"ImageObject","inLanguage":"lt-LT","@id":"https:\/\/fromthemagicalrealm.com\/#\/schema\/person\/image\/","url":"https:\/\/fromthemagicalrealm.com\/wp-content\/uploads\/2023\/08\/cropped-cropped-53FE4852-DD1C-43D1-B95F-5E004E5056D9.png","contentUrl":"https:\/\/fromthemagicalrealm.com\/wp-content\/uploads\/2023\/08\/cropped-cropped-53FE4852-DD1C-43D1-B95F-5E004E5056D9.png","width":3370,"height":2233,"caption":"fromthemagicalrealm.com"},"logo":{"@id":"https:\/\/fromthemagicalrealm.com\/#\/schema\/person\/image\/"},"sameAs":["http:\/\/fromthemagicalrealm.com","https:\/\/www.facebook.com\/fromthemagicalrealm","https:\/\/www.instagram.com\/fromthemagicalrealm\/"]}]}},"_links":{"self":[{"href":"https:\/\/fromthemagicalrealm.com\/index.php\/wp-json\/wp\/v2\/product\/2610","targetHints":{"allow":["GET"]}}],"collection":[{"href":"https:\/\/fromthemagicalrealm.com\/index.php\/wp-json\/wp\/v2\/product"}],"about":[{"href":"https:\/\/fromthemagicalrealm.com\/index.php\/wp-json\/wp\/v2\/types\/product"}],"version-history":[{"count":1,"href":"https:\/\/fromthemagicalrealm.com\/index.php\/wp-json\/wp\/v2\/product\/2610\/revisions"}],"predecessor-version":[{"id":2611,"href":"https:\/\/fromthemagicalrealm.com\/index.php\/wp-json\/wp\/v2\/product\/2610\/revisions\/2611"}],"wp:featuredmedia":[{"embeddable":true,"href":"https:\/\/fromthemagicalrealm.com\/index.php\/wp-json\/wp\/v2\/media\/2582"}],"wp:attachment":[{"href":"https:\/\/fromthemagicalrealm.com\/index.php\/wp-json\/wp\/v2\/media?parent=2610"}],"wp:term":[{"taxonomy":"product_cat","embeddable":true,"href":"https:\/\/fromthemagicalrealm.com\/index.php\/wp-json\/wp\/v2\/product_cat?post=2610"},{"taxonomy":"product_tag","embeddable":true,"href":"https:\/\/fromthemagicalrealm.com\/index.php\/wp-json\/wp\/v2\/product_tag?post=2610"}],"curies":[{"name":"wp","href":"https:\/\/api.w.org\/{rel}","templated":true}]}}