{"id":3523,"date":"2024-05-15T17:29:12","date_gmt":"2024-05-15T17:29:12","guid":{"rendered":"https:\/\/fromthemagicalrealm.com\/?post_type=product&#038;p=3523"},"modified":"2026-04-04T20:28:46","modified_gmt":"2026-04-04T20:28:46","slug":"juodojo-turmalino-serlo-verinys-su-saulute-3mm-auks","status":"publish","type":"product","link":"https:\/\/fromthemagicalrealm.com\/index.php\/product\/juodojo-turmalino-serlo-verinys-su-saulute-3mm-auks\/","title":{"rendered":"Juodojo Turmalino (\u0160erlo) v\u0117rinys su paauksuota saulute, 3mm"},"content":{"rendered":"<p>Karoliuk\u0173 skersmuo: ~3mm<\/p>\n<p>Visos metalin\u0117s detal\u0117s: Auk\u0161tos kokyb\u0117s sidabras 925, paauksuotas 24k auksu.<\/p>\n<p>V\u0117rinio ilgis: ~42cm.<\/p>\n","protected":false},"excerpt":{"rendered":"<p class=\"p1\"><span class=\"s1\">Turmalinas (\u0160erlas) <\/span><\/p>\n<p class=\"p1\"><span class=\"s1\">Apsauga \u2022 Gydymas \u2022 S\u0105moningumas <\/span><\/p>\n<p class=\"p1\"><span class=\"s1\">Juodasis Turmalinas yra vienas<\/span><\/p>\n<p class=\"p1\"><span class=\"s1\">efektyviausi\u0173 ir galingiausi\u0173 kristal\u0173, galin\u010di\u0173 apsaugoti Jus fizi\u0161kai, emoci\u0161kai, proti\u0161kai ir<\/span><\/p>\n<p class=\"p1\"><span class=\"s1\">dvasi\u0161kai. Suma\u017eina tikimyb\u0119 nelaimingiems atsitikimams, ligom ir viskam, kas atne\u0161a negatyv\u0105 ir nelaimes.<\/span><\/p>\n<p class=\"p1\"><span class=\"s1\">Neutralizuoja vis\u0105 neigiam\u0105 energij\u0105 atsiradusi\u0105 auroje ar aplinkoje d\u0117l pyk\u010dio ar baimi\u0173, tuo ypa\u010d padedamas stresin\u0117se situacijose. Ramina hiperaktyvius vaikus.<\/span><\/p>\n<p class=\"p1\"><span class=\"s1\">\u0160is akmuo i\u0161laisvina u\u017eblokuot\u0105 energij\u0105, stimuliuoja abu smegen\u0173 pusrutulius, gydo fizin\u012f ir dvasin\u012f k\u016bn\u0105, padeda giliau \u017evelgti \u012f b\u016bties sl\u0117pinius. Stiprina bendradarbiavim\u0105, k\u016brybingum\u0105 ir tik\u0117jim\u0105 tiek vidiniu, tiek i\u0161oriniu pasauliu. Su\u017eadina \u012fkv\u0117pim\u0105 ir ma\u017eina baimes.<\/span><\/p>\n<p class=\"p1\"><span class=\"s1\">Turmalinas galingas karmos<\/span><\/p>\n<p class=\"p1\"><span class=\"s1\">akmuo. Jis sukuria energetines ribas tarp \u017emoni\u0173, kad J\u016bs nepagautum\u0117te j\u0173 negatyvios energijos.<\/span><\/p>\n","protected":false},"featured_media":3524,"template":"","meta":{"site-sidebar-layout":"default","site-content-layout":"default","ast-global-header-display":"","ast-banner-title-visibility":"","ast-main-header-display":"","ast-hfb-above-header-display":"","ast-hfb-below-header-display":"","ast-hfb-mobile-header-display":"","site-post-title":"","ast-breadcrumbs-content":"","ast-featured-img":"","footer-sml-layout":"","theme-transparent-header-meta":"default","adv-header-id-meta":"","stick-header-meta":"","header-above-stick-meta":"","header-main-stick-meta":"","header-below-stick-meta":""},"product_cat":[49],"product_tag":[208,172,153,209],"class_list":{"0":"post-3523","1":"product","2":"type-product","3":"status-publish","4":"has-post-thumbnail","6":"product_cat-visi-produktai","7":"product_tag-juodasis-turmalinas","8":"product_tag-naturaliu-akmenuku-papuosalai","9":"product_tag-naturaliu-kristalu-papuosalai","10":"product_tag-serlas","11":"desktop-align-center","12":"tablet-align-left","13":"mobile-align-left","15":"first","16":"instock","17":"taxable","18":"shipping-taxable","19":"purchasable","20":"product-type-simple"},"yoast_head":"<!-- This site is optimized with the Yoast SEO plugin v20.13 - https:\/\/yoast.com\/wordpress\/plugins\/seo\/ -->\n<title>Juodojo Turmalino (\u0160erlo) v\u0117rinys su paauksuota saulute, 3mm &bull; from the magical realm<\/title>\n<meta name=\"description\" content=\"Juodojo Turmalino v\u0117rinys. vienas galingiausi\u0173 kristal\u0173, galin\u010di\u0173 apsaugoti Jus fizi\u0161kai, emoci\u0161kai, proti\u0161kai ir dvasi\u0161kai.\" \/>\n<meta name=\"robots\" content=\"index, follow, max-snippet:-1, max-image-preview:large, max-video-preview:-1\" \/>\n<link rel=\"canonical\" href=\"https:\/\/fromthemagicalrealm.com\/index.php\/product\/juodojo-turmalino-serlo-verinys-su-saulute-3mm-auks\/\" \/>\n<meta property=\"og:locale\" content=\"lt_LT\" \/>\n<meta property=\"og:type\" content=\"article\" \/>\n<meta property=\"og:title\" content=\"Juodojo Turmalino (\u0160erlo) v\u0117rinys su paauksuota saulute, 3mm &bull; from the magical realm\" \/>\n<meta property=\"og:description\" content=\"Juodojo Turmalino v\u0117rinys. vienas galingiausi\u0173 kristal\u0173, galin\u010di\u0173 apsaugoti Jus fizi\u0161kai, emoci\u0161kai, proti\u0161kai ir dvasi\u0161kai.\" \/>\n<meta property=\"og:url\" content=\"https:\/\/fromthemagicalrealm.com\/index.php\/product\/juodojo-turmalino-serlo-verinys-su-saulute-3mm-auks\/\" \/>\n<meta property=\"og:site_name\" content=\"from the magical realm\" \/>\n<meta property=\"article:publisher\" content=\"https:\/\/www.facebook.com\/fromthemagicalrealm\" \/>\n<meta property=\"article:modified_time\" content=\"2026-04-04T20:28:46+00:00\" \/>\n<meta property=\"og:image\" content=\"http:\/\/fromthemagicalrealm.com\/wp-content\/uploads\/2024\/05\/C729469F-565E-471B-BEEC-4BCF16AC5A32-scaled.jpeg\" \/>\n\t<meta property=\"og:image:width\" content=\"1920\" \/>\n\t<meta property=\"og:image:height\" content=\"2560\" \/>\n\t<meta property=\"og:image:type\" content=\"image\/jpeg\" \/>\n<meta name=\"twitter:card\" content=\"summary_large_image\" \/>\n<meta name=\"twitter:label1\" content=\"Est. reading time\" \/>\n\t<meta name=\"twitter:data1\" content=\"1 minut\u0117\" \/>\n<script type=\"application\/ld+json\" class=\"yoast-schema-graph\">{\"@context\":\"https:\/\/schema.org\",\"@graph\":[{\"@type\":\"WebPage\",\"@id\":\"https:\/\/fromthemagicalrealm.com\/index.php\/product\/juodojo-turmalino-serlo-verinys-su-saulute-3mm-auks\/\",\"url\":\"https:\/\/fromthemagicalrealm.com\/index.php\/product\/juodojo-turmalino-serlo-verinys-su-saulute-3mm-auks\/\",\"name\":\"Juodojo Turmalino (\u0160erlo) v\u0117rinys su paauksuota saulute, 3mm &bull; from the magical realm\",\"isPartOf\":{\"@id\":\"https:\/\/fromthemagicalrealm.com\/#website\"},\"datePublished\":\"2024-05-15T17:29:12+00:00\",\"dateModified\":\"2026-04-04T20:28:46+00:00\",\"description\":\"Juodojo Turmalino v\u0117rinys. vienas galingiausi\u0173 kristal\u0173, galin\u010di\u0173 apsaugoti Jus fizi\u0161kai, emoci\u0161kai, proti\u0161kai ir dvasi\u0161kai.\",\"breadcrumb\":{\"@id\":\"https:\/\/fromthemagicalrealm.com\/index.php\/product\/juodojo-turmalino-serlo-verinys-su-saulute-3mm-auks\/#breadcrumb\"},\"inLanguage\":\"lt-LT\",\"potentialAction\":[{\"@type\":\"ReadAction\",\"target\":[\"https:\/\/fromthemagicalrealm.com\/index.php\/product\/juodojo-turmalino-serlo-verinys-su-saulute-3mm-auks\/\"]}]},{\"@type\":\"BreadcrumbList\",\"@id\":\"https:\/\/fromthemagicalrealm.com\/index.php\/product\/juodojo-turmalino-serlo-verinys-su-saulute-3mm-auks\/#breadcrumb\",\"itemListElement\":[{\"@type\":\"ListItem\",\"position\":1,\"name\":\"Home\",\"item\":\"https:\/\/fromthemagicalrealm.com\/\"},{\"@type\":\"ListItem\",\"position\":2,\"name\":\"Shop\",\"item\":\"https:\/\/fromthemagicalrealm.com\/index.php\/shop\/\"},{\"@type\":\"ListItem\",\"position\":3,\"name\":\"Juodojo Turmalino (\u0160erlo) v\u0117rinys su paauksuota saulute, 3mm\"}]},{\"@type\":\"WebSite\",\"@id\":\"https:\/\/fromthemagicalrealm.com\/#website\",\"url\":\"https:\/\/fromthemagicalrealm.com\/\",\"name\":\"from the magical realm\",\"description\":\"Nat\u016bral\u016bs kristalai\",\"publisher\":{\"@id\":\"https:\/\/fromthemagicalrealm.com\/#\/schema\/person\/85dfa5d4809d3b3bf17cfed17108b346\"},\"potentialAction\":[{\"@type\":\"SearchAction\",\"target\":{\"@type\":\"EntryPoint\",\"urlTemplate\":\"https:\/\/fromthemagicalrealm.com\/?s={search_term_string}\"},\"query-input\":\"required name=search_term_string\"}],\"inLanguage\":\"lt-LT\"},{\"@type\":[\"Person\",\"Organization\"],\"@id\":\"https:\/\/fromthemagicalrealm.com\/#\/schema\/person\/85dfa5d4809d3b3bf17cfed17108b346\",\"name\":\"fromthemagicalrealm.com\",\"image\":{\"@type\":\"ImageObject\",\"inLanguage\":\"lt-LT\",\"@id\":\"https:\/\/fromthemagicalrealm.com\/#\/schema\/person\/image\/\",\"url\":\"https:\/\/fromthemagicalrealm.com\/wp-content\/uploads\/2023\/08\/cropped-cropped-53FE4852-DD1C-43D1-B95F-5E004E5056D9.png\",\"contentUrl\":\"https:\/\/fromthemagicalrealm.com\/wp-content\/uploads\/2023\/08\/cropped-cropped-53FE4852-DD1C-43D1-B95F-5E004E5056D9.png\",\"width\":3370,\"height\":2233,\"caption\":\"fromthemagicalrealm.com\"},\"logo\":{\"@id\":\"https:\/\/fromthemagicalrealm.com\/#\/schema\/person\/image\/\"},\"sameAs\":[\"http:\/\/fromthemagicalrealm.com\",\"https:\/\/www.facebook.com\/fromthemagicalrealm\",\"https:\/\/www.instagram.com\/fromthemagicalrealm\/\"]}]}<\/script>\n<!-- \/ Yoast SEO plugin. -->","yoast_head_json":{"title":"Juodojo Turmalino (\u0160erlo) v\u0117rinys su paauksuota saulute, 3mm &bull; from the magical realm","description":"Juodojo Turmalino v\u0117rinys. vienas galingiausi\u0173 kristal\u0173, galin\u010di\u0173 apsaugoti Jus fizi\u0161kai, emoci\u0161kai, proti\u0161kai ir dvasi\u0161kai.","robots":{"index":"index","follow":"follow","max-snippet":"max-snippet:-1","max-image-preview":"max-image-preview:large","max-video-preview":"max-video-preview:-1"},"canonical":"https:\/\/fromthemagicalrealm.com\/index.php\/product\/juodojo-turmalino-serlo-verinys-su-saulute-3mm-auks\/","og_locale":"lt_LT","og_type":"article","og_title":"Juodojo Turmalino (\u0160erlo) v\u0117rinys su paauksuota saulute, 3mm &bull; from the magical realm","og_description":"Juodojo Turmalino v\u0117rinys. vienas galingiausi\u0173 kristal\u0173, galin\u010di\u0173 apsaugoti Jus fizi\u0161kai, emoci\u0161kai, proti\u0161kai ir dvasi\u0161kai.","og_url":"https:\/\/fromthemagicalrealm.com\/index.php\/product\/juodojo-turmalino-serlo-verinys-su-saulute-3mm-auks\/","og_site_name":"from the magical realm","article_publisher":"https:\/\/www.facebook.com\/fromthemagicalrealm","article_modified_time":"2026-04-04T20:28:46+00:00","og_image":[{"width":1920,"height":2560,"url":"http:\/\/fromthemagicalrealm.com\/wp-content\/uploads\/2024\/05\/C729469F-565E-471B-BEEC-4BCF16AC5A32-scaled.jpeg","type":"image\/jpeg"}],"twitter_card":"summary_large_image","twitter_misc":{"Est. reading time":"1 minut\u0117"},"schema":{"@context":"https:\/\/schema.org","@graph":[{"@type":"WebPage","@id":"https:\/\/fromthemagicalrealm.com\/index.php\/product\/juodojo-turmalino-serlo-verinys-su-saulute-3mm-auks\/","url":"https:\/\/fromthemagicalrealm.com\/index.php\/product\/juodojo-turmalino-serlo-verinys-su-saulute-3mm-auks\/","name":"Juodojo Turmalino (\u0160erlo) v\u0117rinys su paauksuota saulute, 3mm &bull; from the magical realm","isPartOf":{"@id":"https:\/\/fromthemagicalrealm.com\/#website"},"datePublished":"2024-05-15T17:29:12+00:00","dateModified":"2026-04-04T20:28:46+00:00","description":"Juodojo Turmalino v\u0117rinys. vienas galingiausi\u0173 kristal\u0173, galin\u010di\u0173 apsaugoti Jus fizi\u0161kai, emoci\u0161kai, proti\u0161kai ir dvasi\u0161kai.","breadcrumb":{"@id":"https:\/\/fromthemagicalrealm.com\/index.php\/product\/juodojo-turmalino-serlo-verinys-su-saulute-3mm-auks\/#breadcrumb"},"inLanguage":"lt-LT","potentialAction":[{"@type":"ReadAction","target":["https:\/\/fromthemagicalrealm.com\/index.php\/product\/juodojo-turmalino-serlo-verinys-su-saulute-3mm-auks\/"]}]},{"@type":"BreadcrumbList","@id":"https:\/\/fromthemagicalrealm.com\/index.php\/product\/juodojo-turmalino-serlo-verinys-su-saulute-3mm-auks\/#breadcrumb","itemListElement":[{"@type":"ListItem","position":1,"name":"Home","item":"https:\/\/fromthemagicalrealm.com\/"},{"@type":"ListItem","position":2,"name":"Shop","item":"https:\/\/fromthemagicalrealm.com\/index.php\/shop\/"},{"@type":"ListItem","position":3,"name":"Juodojo Turmalino (\u0160erlo) v\u0117rinys su paauksuota saulute, 3mm"}]},{"@type":"WebSite","@id":"https:\/\/fromthemagicalrealm.com\/#website","url":"https:\/\/fromthemagicalrealm.com\/","name":"from the magical realm","description":"Nat\u016bral\u016bs kristalai","publisher":{"@id":"https:\/\/fromthemagicalrealm.com\/#\/schema\/person\/85dfa5d4809d3b3bf17cfed17108b346"},"potentialAction":[{"@type":"SearchAction","target":{"@type":"EntryPoint","urlTemplate":"https:\/\/fromthemagicalrealm.com\/?s={search_term_string}"},"query-input":"required name=search_term_string"}],"inLanguage":"lt-LT"},{"@type":["Person","Organization"],"@id":"https:\/\/fromthemagicalrealm.com\/#\/schema\/person\/85dfa5d4809d3b3bf17cfed17108b346","name":"fromthemagicalrealm.com","image":{"@type":"ImageObject","inLanguage":"lt-LT","@id":"https:\/\/fromthemagicalrealm.com\/#\/schema\/person\/image\/","url":"https:\/\/fromthemagicalrealm.com\/wp-content\/uploads\/2023\/08\/cropped-cropped-53FE4852-DD1C-43D1-B95F-5E004E5056D9.png","contentUrl":"https:\/\/fromthemagicalrealm.com\/wp-content\/uploads\/2023\/08\/cropped-cropped-53FE4852-DD1C-43D1-B95F-5E004E5056D9.png","width":3370,"height":2233,"caption":"fromthemagicalrealm.com"},"logo":{"@id":"https:\/\/fromthemagicalrealm.com\/#\/schema\/person\/image\/"},"sameAs":["http:\/\/fromthemagicalrealm.com","https:\/\/www.facebook.com\/fromthemagicalrealm","https:\/\/www.instagram.com\/fromthemagicalrealm\/"]}]}},"_links":{"self":[{"href":"https:\/\/fromthemagicalrealm.com\/index.php\/wp-json\/wp\/v2\/product\/3523","targetHints":{"allow":["GET"]}}],"collection":[{"href":"https:\/\/fromthemagicalrealm.com\/index.php\/wp-json\/wp\/v2\/product"}],"about":[{"href":"https:\/\/fromthemagicalrealm.com\/index.php\/wp-json\/wp\/v2\/types\/product"}],"version-history":[{"count":1,"href":"https:\/\/fromthemagicalrealm.com\/index.php\/wp-json\/wp\/v2\/product\/3523\/revisions"}],"predecessor-version":[{"id":3525,"href":"https:\/\/fromthemagicalrealm.com\/index.php\/wp-json\/wp\/v2\/product\/3523\/revisions\/3525"}],"wp:featuredmedia":[{"embeddable":true,"href":"https:\/\/fromthemagicalrealm.com\/index.php\/wp-json\/wp\/v2\/media\/3524"}],"wp:attachment":[{"href":"https:\/\/fromthemagicalrealm.com\/index.php\/wp-json\/wp\/v2\/media?parent=3523"}],"wp:term":[{"taxonomy":"product_cat","embeddable":true,"href":"https:\/\/fromthemagicalrealm.com\/index.php\/wp-json\/wp\/v2\/product_cat?post=3523"},{"taxonomy":"product_tag","embeddable":true,"href":"https:\/\/fromthemagicalrealm.com\/index.php\/wp-json\/wp\/v2\/product_tag?post=3523"}],"curies":[{"name":"wp","href":"https:\/\/api.w.org\/{rel}","templated":true}]}}