{"id":3606,"date":"2024-07-04T11:44:54","date_gmt":"2024-07-04T11:44:54","guid":{"rendered":"https:\/\/fromthemagicalrealm.com\/?post_type=product&#038;p=3606"},"modified":"2024-07-04T11:48:42","modified_gmt":"2024-07-04T11:48:42","slug":"minimalistine-levandinio-ametisto-apyranke","status":"publish","type":"product","link":"https:\/\/fromthemagicalrealm.com\/index.php\/product\/minimalistine-levandinio-ametisto-apyranke\/","title":{"rendered":"Minimalistin\u0117 Levandinio Ametisto apyrank\u0117"},"content":{"rendered":"<p class=\"p2\"><span class=\"s1\">Ametistas<\/span><\/p>\n<p class=\"p2\"><span class=\"s1\">Ramyb\u0117 \u2022 Harmonija \u2022 Miegas<\/span><\/p>\n<p class=\"p2\"><span class=\"s1\">Ametistas suteikia ramyb\u0119, pusiausvyr\u0105, padeda atsipalaiduoti, susikoncentruoti, transformuoti neigiamas mintis, senas programas ar \u012fpro\u010dius. Pad\u0117s \u017emon\u0117ms, kurie kovoja su priklausomyb\u0117m ir blogais \u012fpro\u010diais. <\/span><\/p>\n<p class=\"p2\"><span class=\"s1\">Ametistas padeda kontroliuoti pykt\u012f, susierzinim\u0105, mentalin\u0119 \u012ftamp\u0105. Stiprina vali\u0105, intuicij\u0105, s\u0105moningum\u0105, atmint\u012f, min\u010di\u0173 ai\u0161kum\u0105. <\/span><\/p>\n<p class=\"p2\"><span class=\"s1\">Taip pat Ametistas gerai \u017einomas kaip sapn\u0173 kristalas, padeda su miegu, apsaugo nuo ko\u0161mar\u0173 ir nuramina stres\u0105. <\/span><\/p>\n","protected":false},"excerpt":{"rendered":"<p>Metalin\u0117s detal\u0117s: Sidabras 925<\/p>\n<p>Akmenuk\u0173 skersmuo: 4mm<\/p>\n<p>(Toki\u0105 pa\u010di\u0105 apyrank\u0119 galima suverti su bet kokiu kitu pasirinktu akmenuku, d\u0117l individuali\u0173 u\u017esakym\u0173, susisiekite asmeni\u0161kai)<\/p>\n<p style=\"text-align: center;\">Kristal\u0173 apyrank\u0117s suveriamos po J\u016bs\u0173 u\u017esakymo su meile ir geriausiomis intencijomis pagal J\u016bs\u0173 individualius rie\u0161o i\u0161matavimus. \ud83e\udd0d<\/p>\n<p>Rie\u0161o i\u0161matavimas:<\/p>\n<p style=\"text-align: left;\">Pateikite tiksl\u0173 J\u016bs\u0173 rie\u0161o dyd\u012f, i\u0161matavus su matavimo juosta arba su si\u016blu apjuosus rie\u0161\u0105 ir i\u0161matavus si\u016blo ilg\u012f su liniuote. Matuojat priglauskite gerai prie rie\u0161o, kitokiu atveju apyrank\u0117 gali gautis laisvoka.<\/p>\n","protected":false},"featured_media":3607,"template":"","meta":{"site-sidebar-layout":"default","site-content-layout":"default","ast-global-header-display":"","ast-banner-title-visibility":"","ast-main-header-display":"","ast-hfb-above-header-display":"","ast-hfb-below-header-display":"","ast-hfb-mobile-header-display":"","site-post-title":"","ast-breadcrumbs-content":"","ast-featured-img":"","footer-sml-layout":"","theme-transparent-header-meta":"default","adv-header-id-meta":"","stick-header-meta":"","header-above-stick-meta":"","header-main-stick-meta":"","header-below-stick-meta":""},"product_cat":[53,54,48,49],"product_tag":[186,229,98,208,240,183,228,224,227,81,209],"class_list":{"0":"post-3606","1":"product","2":"type-product","3":"status-publish","4":"has-post-thumbnail","6":"product_cat-kristalu-papuosalai","7":"product_cat-apyrankes","8":"product_cat-visi-kristalai-2","9":"product_cat-visi-produktai","10":"product_tag-berilai","11":"product_tag-berilu-apyranke","12":"product_tag-braskinis-kvarcas","13":"product_tag-juodasis-turmalinas","14":"product_tag-karneolio-apyranke","15":"product_tag-karneolis","16":"product_tag-lapis-lazulis","17":"product_tag-lazuritas","18":"product_tag-lazurito-apyranke","19":"product_tag-levandinis-ametistas","20":"product_tag-serlas","21":"desktop-align-center","22":"tablet-align-left","23":"mobile-align-left","24":"wcpa_has_options","26":"first","27":"instock","28":"taxable","29":"shipping-taxable","30":"purchasable","31":"product-type-simple"},"yoast_head":"<!-- This site is optimized with the Yoast SEO plugin v20.13 - https:\/\/yoast.com\/wordpress\/plugins\/seo\/ -->\n<title>Minimalistin\u0117 Levandinio Ametisto apyrank\u0117 &bull; from the magical realm<\/title>\n<meta name=\"description\" content=\"Magi\u0161ka Levandinio Ametisto apyrank\u0117 suverta pagal individualius rie\u0161o i\u0161matavimus\" \/>\n<meta name=\"robots\" content=\"index, follow, max-snippet:-1, max-image-preview:large, max-video-preview:-1\" \/>\n<link rel=\"canonical\" href=\"https:\/\/fromthemagicalrealm.com\/index.php\/product\/minimalistine-levandinio-ametisto-apyranke\/\" \/>\n<meta property=\"og:locale\" content=\"lt_LT\" \/>\n<meta property=\"og:type\" content=\"article\" \/>\n<meta property=\"og:title\" content=\"Minimalistin\u0117 Levandinio Ametisto apyrank\u0117 &bull; from the magical realm\" \/>\n<meta property=\"og:description\" content=\"Magi\u0161ka Levandinio Ametisto apyrank\u0117 suverta pagal individualius rie\u0161o i\u0161matavimus\" \/>\n<meta property=\"og:url\" content=\"https:\/\/fromthemagicalrealm.com\/index.php\/product\/minimalistine-levandinio-ametisto-apyranke\/\" \/>\n<meta property=\"og:site_name\" content=\"from the magical realm\" \/>\n<meta property=\"article:publisher\" content=\"https:\/\/www.facebook.com\/fromthemagicalrealm\" \/>\n<meta property=\"article:modified_time\" content=\"2024-07-04T11:48:42+00:00\" \/>\n<meta property=\"og:image\" content=\"http:\/\/fromthemagicalrealm.com\/wp-content\/uploads\/2024\/07\/8334CF58-2D92-40B1-84C0-EA285245603C-scaled.jpeg\" \/>\n\t<meta property=\"og:image:width\" content=\"1920\" \/>\n\t<meta property=\"og:image:height\" content=\"2560\" \/>\n\t<meta property=\"og:image:type\" content=\"image\/jpeg\" \/>\n<meta name=\"twitter:card\" content=\"summary_large_image\" \/>\n<meta name=\"twitter:label1\" content=\"Est. reading time\" \/>\n\t<meta name=\"twitter:data1\" content=\"1 minut\u0117\" \/>\n<script type=\"application\/ld+json\" class=\"yoast-schema-graph\">{\"@context\":\"https:\/\/schema.org\",\"@graph\":[{\"@type\":\"WebPage\",\"@id\":\"https:\/\/fromthemagicalrealm.com\/index.php\/product\/minimalistine-levandinio-ametisto-apyranke\/\",\"url\":\"https:\/\/fromthemagicalrealm.com\/index.php\/product\/minimalistine-levandinio-ametisto-apyranke\/\",\"name\":\"Minimalistin\u0117 Levandinio Ametisto apyrank\u0117 &bull; from the magical realm\",\"isPartOf\":{\"@id\":\"https:\/\/fromthemagicalrealm.com\/#website\"},\"datePublished\":\"2024-07-04T11:44:54+00:00\",\"dateModified\":\"2024-07-04T11:48:42+00:00\",\"description\":\"Magi\u0161ka Levandinio Ametisto apyrank\u0117 suverta pagal individualius rie\u0161o i\u0161matavimus\",\"breadcrumb\":{\"@id\":\"https:\/\/fromthemagicalrealm.com\/index.php\/product\/minimalistine-levandinio-ametisto-apyranke\/#breadcrumb\"},\"inLanguage\":\"lt-LT\",\"potentialAction\":[{\"@type\":\"ReadAction\",\"target\":[\"https:\/\/fromthemagicalrealm.com\/index.php\/product\/minimalistine-levandinio-ametisto-apyranke\/\"]}]},{\"@type\":\"BreadcrumbList\",\"@id\":\"https:\/\/fromthemagicalrealm.com\/index.php\/product\/minimalistine-levandinio-ametisto-apyranke\/#breadcrumb\",\"itemListElement\":[{\"@type\":\"ListItem\",\"position\":1,\"name\":\"Home\",\"item\":\"https:\/\/fromthemagicalrealm.com\/\"},{\"@type\":\"ListItem\",\"position\":2,\"name\":\"Shop\",\"item\":\"https:\/\/fromthemagicalrealm.com\/index.php\/shop\/\"},{\"@type\":\"ListItem\",\"position\":3,\"name\":\"Minimalistin\u0117 Levandinio Ametisto apyrank\u0117\"}]},{\"@type\":\"WebSite\",\"@id\":\"https:\/\/fromthemagicalrealm.com\/#website\",\"url\":\"https:\/\/fromthemagicalrealm.com\/\",\"name\":\"from the magical realm\",\"description\":\"Nat\u016bral\u016bs kristalai\",\"publisher\":{\"@id\":\"https:\/\/fromthemagicalrealm.com\/#\/schema\/person\/85dfa5d4809d3b3bf17cfed17108b346\"},\"potentialAction\":[{\"@type\":\"SearchAction\",\"target\":{\"@type\":\"EntryPoint\",\"urlTemplate\":\"https:\/\/fromthemagicalrealm.com\/?s={search_term_string}\"},\"query-input\":\"required name=search_term_string\"}],\"inLanguage\":\"lt-LT\"},{\"@type\":[\"Person\",\"Organization\"],\"@id\":\"https:\/\/fromthemagicalrealm.com\/#\/schema\/person\/85dfa5d4809d3b3bf17cfed17108b346\",\"name\":\"fromthemagicalrealm.com\",\"image\":{\"@type\":\"ImageObject\",\"inLanguage\":\"lt-LT\",\"@id\":\"https:\/\/fromthemagicalrealm.com\/#\/schema\/person\/image\/\",\"url\":\"https:\/\/fromthemagicalrealm.com\/wp-content\/uploads\/2023\/08\/cropped-cropped-53FE4852-DD1C-43D1-B95F-5E004E5056D9.png\",\"contentUrl\":\"https:\/\/fromthemagicalrealm.com\/wp-content\/uploads\/2023\/08\/cropped-cropped-53FE4852-DD1C-43D1-B95F-5E004E5056D9.png\",\"width\":3370,\"height\":2233,\"caption\":\"fromthemagicalrealm.com\"},\"logo\":{\"@id\":\"https:\/\/fromthemagicalrealm.com\/#\/schema\/person\/image\/\"},\"sameAs\":[\"http:\/\/fromthemagicalrealm.com\",\"https:\/\/www.facebook.com\/fromthemagicalrealm\",\"https:\/\/www.instagram.com\/fromthemagicalrealm\/\"]}]}<\/script>\n<!-- \/ Yoast SEO plugin. -->","yoast_head_json":{"title":"Minimalistin\u0117 Levandinio Ametisto apyrank\u0117 &bull; from the magical realm","description":"Magi\u0161ka Levandinio Ametisto apyrank\u0117 suverta pagal individualius rie\u0161o i\u0161matavimus","robots":{"index":"index","follow":"follow","max-snippet":"max-snippet:-1","max-image-preview":"max-image-preview:large","max-video-preview":"max-video-preview:-1"},"canonical":"https:\/\/fromthemagicalrealm.com\/index.php\/product\/minimalistine-levandinio-ametisto-apyranke\/","og_locale":"lt_LT","og_type":"article","og_title":"Minimalistin\u0117 Levandinio Ametisto apyrank\u0117 &bull; from the magical realm","og_description":"Magi\u0161ka Levandinio Ametisto apyrank\u0117 suverta pagal individualius rie\u0161o i\u0161matavimus","og_url":"https:\/\/fromthemagicalrealm.com\/index.php\/product\/minimalistine-levandinio-ametisto-apyranke\/","og_site_name":"from the magical realm","article_publisher":"https:\/\/www.facebook.com\/fromthemagicalrealm","article_modified_time":"2024-07-04T11:48:42+00:00","og_image":[{"width":1920,"height":2560,"url":"http:\/\/fromthemagicalrealm.com\/wp-content\/uploads\/2024\/07\/8334CF58-2D92-40B1-84C0-EA285245603C-scaled.jpeg","type":"image\/jpeg"}],"twitter_card":"summary_large_image","twitter_misc":{"Est. reading time":"1 minut\u0117"},"schema":{"@context":"https:\/\/schema.org","@graph":[{"@type":"WebPage","@id":"https:\/\/fromthemagicalrealm.com\/index.php\/product\/minimalistine-levandinio-ametisto-apyranke\/","url":"https:\/\/fromthemagicalrealm.com\/index.php\/product\/minimalistine-levandinio-ametisto-apyranke\/","name":"Minimalistin\u0117 Levandinio Ametisto apyrank\u0117 &bull; from the magical realm","isPartOf":{"@id":"https:\/\/fromthemagicalrealm.com\/#website"},"datePublished":"2024-07-04T11:44:54+00:00","dateModified":"2024-07-04T11:48:42+00:00","description":"Magi\u0161ka Levandinio Ametisto apyrank\u0117 suverta pagal individualius rie\u0161o i\u0161matavimus","breadcrumb":{"@id":"https:\/\/fromthemagicalrealm.com\/index.php\/product\/minimalistine-levandinio-ametisto-apyranke\/#breadcrumb"},"inLanguage":"lt-LT","potentialAction":[{"@type":"ReadAction","target":["https:\/\/fromthemagicalrealm.com\/index.php\/product\/minimalistine-levandinio-ametisto-apyranke\/"]}]},{"@type":"BreadcrumbList","@id":"https:\/\/fromthemagicalrealm.com\/index.php\/product\/minimalistine-levandinio-ametisto-apyranke\/#breadcrumb","itemListElement":[{"@type":"ListItem","position":1,"name":"Home","item":"https:\/\/fromthemagicalrealm.com\/"},{"@type":"ListItem","position":2,"name":"Shop","item":"https:\/\/fromthemagicalrealm.com\/index.php\/shop\/"},{"@type":"ListItem","position":3,"name":"Minimalistin\u0117 Levandinio Ametisto apyrank\u0117"}]},{"@type":"WebSite","@id":"https:\/\/fromthemagicalrealm.com\/#website","url":"https:\/\/fromthemagicalrealm.com\/","name":"from the magical realm","description":"Nat\u016bral\u016bs kristalai","publisher":{"@id":"https:\/\/fromthemagicalrealm.com\/#\/schema\/person\/85dfa5d4809d3b3bf17cfed17108b346"},"potentialAction":[{"@type":"SearchAction","target":{"@type":"EntryPoint","urlTemplate":"https:\/\/fromthemagicalrealm.com\/?s={search_term_string}"},"query-input":"required name=search_term_string"}],"inLanguage":"lt-LT"},{"@type":["Person","Organization"],"@id":"https:\/\/fromthemagicalrealm.com\/#\/schema\/person\/85dfa5d4809d3b3bf17cfed17108b346","name":"fromthemagicalrealm.com","image":{"@type":"ImageObject","inLanguage":"lt-LT","@id":"https:\/\/fromthemagicalrealm.com\/#\/schema\/person\/image\/","url":"https:\/\/fromthemagicalrealm.com\/wp-content\/uploads\/2023\/08\/cropped-cropped-53FE4852-DD1C-43D1-B95F-5E004E5056D9.png","contentUrl":"https:\/\/fromthemagicalrealm.com\/wp-content\/uploads\/2023\/08\/cropped-cropped-53FE4852-DD1C-43D1-B95F-5E004E5056D9.png","width":3370,"height":2233,"caption":"fromthemagicalrealm.com"},"logo":{"@id":"https:\/\/fromthemagicalrealm.com\/#\/schema\/person\/image\/"},"sameAs":["http:\/\/fromthemagicalrealm.com","https:\/\/www.facebook.com\/fromthemagicalrealm","https:\/\/www.instagram.com\/fromthemagicalrealm\/"]}]}},"_links":{"self":[{"href":"https:\/\/fromthemagicalrealm.com\/index.php\/wp-json\/wp\/v2\/product\/3606","targetHints":{"allow":["GET"]}}],"collection":[{"href":"https:\/\/fromthemagicalrealm.com\/index.php\/wp-json\/wp\/v2\/product"}],"about":[{"href":"https:\/\/fromthemagicalrealm.com\/index.php\/wp-json\/wp\/v2\/types\/product"}],"version-history":[{"count":1,"href":"https:\/\/fromthemagicalrealm.com\/index.php\/wp-json\/wp\/v2\/product\/3606\/revisions"}],"predecessor-version":[{"id":3608,"href":"https:\/\/fromthemagicalrealm.com\/index.php\/wp-json\/wp\/v2\/product\/3606\/revisions\/3608"}],"wp:featuredmedia":[{"embeddable":true,"href":"https:\/\/fromthemagicalrealm.com\/index.php\/wp-json\/wp\/v2\/media\/3607"}],"wp:attachment":[{"href":"https:\/\/fromthemagicalrealm.com\/index.php\/wp-json\/wp\/v2\/media?parent=3606"}],"wp:term":[{"taxonomy":"product_cat","embeddable":true,"href":"https:\/\/fromthemagicalrealm.com\/index.php\/wp-json\/wp\/v2\/product_cat?post=3606"},{"taxonomy":"product_tag","embeddable":true,"href":"https:\/\/fromthemagicalrealm.com\/index.php\/wp-json\/wp\/v2\/product_tag?post=3606"}],"curies":[{"name":"wp","href":"https:\/\/api.w.org\/{rel}","templated":true}]}}