{"id":3962,"date":"2025-01-17T13:27:54","date_gmt":"2025-01-17T13:27:54","guid":{"rendered":"https:\/\/fromthemagicalrealm.com\/?post_type=product&#038;p=3962"},"modified":"2025-01-17T13:29:05","modified_gmt":"2025-01-17T13:29:05","slug":"malachitas-106g","status":"publish","type":"product","link":"https:\/\/fromthemagicalrealm.com\/index.php\/product\/malachitas-106g\/","title":{"rendered":"Malachitas, 106g."},"content":{"rendered":"<p>Svoris: 106g.<\/p>\n<p>Kilm\u0117: Kongas.<\/p>\n","protected":false},"excerpt":{"rendered":"<p class=\"p1\"><span class=\"s1\">Malachitas <\/span><\/p>\n<p class=\"p1\"><span class=\"s1\">Transformacija \u2022 Meil\u0117 \u2022 Gyvybingumas<\/span><\/p>\n<p class=\"p1\"><span class=\"s1\">Malachitas galingas transformacijos akmuo. Balansuoja emocija, atne\u0161a pusiausvyros protui, kad gal\u0117tum\u0117te priimti teisingus sprendimus. Malachitas pasuks Jus tuo keliu, kuriuo i\u0161 tikr\u0173j\u0173 turite eiti. I\u0161mokina i\u0161 gyvenimo pa\u0161alinti nereikalingus dalykus, \u017emones, padeda atsikratyti bailumo, drovumo, nery\u017etingumo. Aktyvina nor\u0105 naujoms \u017einioms, mokina gyventi rizikingiau. Mokina pasitik\u0117ti savo likimu. <\/span><\/p>\n<p class=\"p1\"><span class=\"s1\">Malachitas glaud\u017eiai susij\u0119s su \u0161irdies \u010dakra, tod\u0117l dar vadinamas ir meil\u0117s akmeniu. Atveria vartus visoki\u0173 tip\u0173 meilei. Hormanizuoja vyr\u0173 ir moter\u0173 tarpusavio santykius. <\/span><\/p>\n<p class=\"p1\"><span class=\"s1\">Puikiai tinka \u017emon\u0117ms susijusiems su menu, scena, aktoriams, literatams ir t.t. Malachit\u0105 ne\u0161iojantis \u017emogus traukia kit\u0173 \u017emoni\u0173 d\u0117mes\u012f, padeda i\u0161laikyti patrauklum\u0105 kit\u0173 \u017emoni\u0173 akyse, skatina seksualin\u0119 trauk\u0105 ir poveik\u012f kitiems. Pa\u017eadina vilt\u012f, meil\u0119, ry\u0161\u012f su gamta. Sustiprina nor\u0105 svajones paversti realybe. Turi stipr\u0173 apsaugin\u012f poveik\u012f nuo nu\u017ei\u016br\u0117jim\u0173, pikt\u0173 dvasi\u0173, baimi\u0173, blog\u0173 min\u010di\u0173, magijos. <\/span><\/p>\n","protected":false},"featured_media":3951,"template":"","meta":{"site-sidebar-layout":"default","site-content-layout":"default","ast-global-header-display":"","ast-banner-title-visibility":"","ast-main-header-display":"","ast-hfb-above-header-display":"","ast-hfb-below-header-display":"","ast-hfb-mobile-header-display":"","site-post-title":"","ast-breadcrumbs-content":"","ast-featured-img":"","footer-sml-layout":"","theme-transparent-header-meta":"default","adv-header-id-meta":"","stick-header-meta":"","header-above-stick-meta":"","header-main-stick-meta":"","header-below-stick-meta":""},"product_cat":[46,47,48,49],"product_tag":[208,255,256,172,153,254,209,253,252,251,247,248,250,249],"class_list":{"0":"post-3962","1":"product","2":"type-product","3":"status-publish","4":"has-post-thumbnail","6":"product_cat-naturalus-kristalai-akmenukai-bugninukai","7":"product_cat-dideli-kristalai","8":"product_cat-visi-kristalai-2","9":"product_cat-visi-produktai","10":"product_tag-juodasis-turmalinas","11":"product_tag-malachitas","12":"product_tag-malachito-karoliai","13":"product_tag-naturaliu-akmenuku-papuosalai","14":"product_tag-naturaliu-kristalu-papuosalai","15":"product_tag-naturalus-turkis","16":"product_tag-serlas","17":"product_tag-turkio-karoliai","18":"product_tag-turkio-papuosalai","19":"product_tag-turkis","20":"product_tag-turmalino-kvarcas","21":"product_tag-turmalino-kvarco-karoliai","22":"product_tag-turmalino-kvarco-papuosalai","23":"product_tag-turmalino-kvarco-verinys","24":"desktop-align-center","25":"tablet-align-left","26":"mobile-align-left","28":"first","29":"instock","30":"taxable","31":"shipping-taxable","32":"purchasable","33":"product-type-simple"},"yoast_head":"<!-- This site is optimized with the Yoast SEO plugin v20.13 - https:\/\/yoast.com\/wordpress\/plugins\/seo\/ -->\n<title>Malachitas, 106g. &bull; from the magical realm<\/title>\n<meta name=\"description\" content=\"Malachitas galingas transformacijos akmuo. Balansuoja emocija, atne\u0161a pusiausvyros protui, kad gal\u0117tum\u0117te priimti teisingus sprendimus.\" \/>\n<meta name=\"robots\" content=\"index, follow, max-snippet:-1, max-image-preview:large, max-video-preview:-1\" \/>\n<link rel=\"canonical\" href=\"https:\/\/fromthemagicalrealm.com\/index.php\/product\/malachitas-106g\/\" \/>\n<meta property=\"og:locale\" content=\"lt_LT\" \/>\n<meta property=\"og:type\" content=\"article\" \/>\n<meta property=\"og:title\" content=\"Malachitas, 106g. &bull; from the magical realm\" \/>\n<meta property=\"og:description\" content=\"Malachitas galingas transformacijos akmuo. Balansuoja emocija, atne\u0161a pusiausvyros protui, kad gal\u0117tum\u0117te priimti teisingus sprendimus.\" \/>\n<meta property=\"og:url\" content=\"https:\/\/fromthemagicalrealm.com\/index.php\/product\/malachitas-106g\/\" \/>\n<meta property=\"og:site_name\" content=\"from the magical realm\" \/>\n<meta property=\"article:publisher\" content=\"https:\/\/www.facebook.com\/fromthemagicalrealm\" \/>\n<meta property=\"article:modified_time\" content=\"2025-01-17T13:29:05+00:00\" \/>\n<meta property=\"og:image\" content=\"http:\/\/fromthemagicalrealm.com\/wp-content\/uploads\/2025\/01\/IMG_0386-scaled.jpeg\" \/>\n\t<meta property=\"og:image:width\" content=\"1920\" \/>\n\t<meta property=\"og:image:height\" content=\"2560\" \/>\n\t<meta property=\"og:image:type\" content=\"image\/jpeg\" \/>\n<meta name=\"twitter:card\" content=\"summary_large_image\" \/>\n<meta name=\"twitter:label1\" content=\"Est. reading time\" \/>\n\t<meta name=\"twitter:data1\" content=\"1 minut\u0117\" \/>\n<script type=\"application\/ld+json\" class=\"yoast-schema-graph\">{\"@context\":\"https:\/\/schema.org\",\"@graph\":[{\"@type\":\"WebPage\",\"@id\":\"https:\/\/fromthemagicalrealm.com\/index.php\/product\/malachitas-106g\/\",\"url\":\"https:\/\/fromthemagicalrealm.com\/index.php\/product\/malachitas-106g\/\",\"name\":\"Malachitas, 106g. &bull; from the magical realm\",\"isPartOf\":{\"@id\":\"https:\/\/fromthemagicalrealm.com\/#website\"},\"datePublished\":\"2025-01-17T13:27:54+00:00\",\"dateModified\":\"2025-01-17T13:29:05+00:00\",\"description\":\"Malachitas galingas transformacijos akmuo. Balansuoja emocija, atne\u0161a pusiausvyros protui, kad gal\u0117tum\u0117te priimti teisingus sprendimus.\",\"breadcrumb\":{\"@id\":\"https:\/\/fromthemagicalrealm.com\/index.php\/product\/malachitas-106g\/#breadcrumb\"},\"inLanguage\":\"lt-LT\",\"potentialAction\":[{\"@type\":\"ReadAction\",\"target\":[\"https:\/\/fromthemagicalrealm.com\/index.php\/product\/malachitas-106g\/\"]}]},{\"@type\":\"BreadcrumbList\",\"@id\":\"https:\/\/fromthemagicalrealm.com\/index.php\/product\/malachitas-106g\/#breadcrumb\",\"itemListElement\":[{\"@type\":\"ListItem\",\"position\":1,\"name\":\"Home\",\"item\":\"https:\/\/fromthemagicalrealm.com\/\"},{\"@type\":\"ListItem\",\"position\":2,\"name\":\"Shop\",\"item\":\"https:\/\/fromthemagicalrealm.com\/index.php\/shop\/\"},{\"@type\":\"ListItem\",\"position\":3,\"name\":\"Malachitas, 106g.\"}]},{\"@type\":\"WebSite\",\"@id\":\"https:\/\/fromthemagicalrealm.com\/#website\",\"url\":\"https:\/\/fromthemagicalrealm.com\/\",\"name\":\"from the magical realm\",\"description\":\"Nat\u016bral\u016bs kristalai\",\"publisher\":{\"@id\":\"https:\/\/fromthemagicalrealm.com\/#\/schema\/person\/85dfa5d4809d3b3bf17cfed17108b346\"},\"potentialAction\":[{\"@type\":\"SearchAction\",\"target\":{\"@type\":\"EntryPoint\",\"urlTemplate\":\"https:\/\/fromthemagicalrealm.com\/?s={search_term_string}\"},\"query-input\":\"required name=search_term_string\"}],\"inLanguage\":\"lt-LT\"},{\"@type\":[\"Person\",\"Organization\"],\"@id\":\"https:\/\/fromthemagicalrealm.com\/#\/schema\/person\/85dfa5d4809d3b3bf17cfed17108b346\",\"name\":\"fromthemagicalrealm.com\",\"image\":{\"@type\":\"ImageObject\",\"inLanguage\":\"lt-LT\",\"@id\":\"https:\/\/fromthemagicalrealm.com\/#\/schema\/person\/image\/\",\"url\":\"https:\/\/fromthemagicalrealm.com\/wp-content\/uploads\/2023\/08\/cropped-cropped-53FE4852-DD1C-43D1-B95F-5E004E5056D9.png\",\"contentUrl\":\"https:\/\/fromthemagicalrealm.com\/wp-content\/uploads\/2023\/08\/cropped-cropped-53FE4852-DD1C-43D1-B95F-5E004E5056D9.png\",\"width\":3370,\"height\":2233,\"caption\":\"fromthemagicalrealm.com\"},\"logo\":{\"@id\":\"https:\/\/fromthemagicalrealm.com\/#\/schema\/person\/image\/\"},\"sameAs\":[\"http:\/\/fromthemagicalrealm.com\",\"https:\/\/www.facebook.com\/fromthemagicalrealm\",\"https:\/\/www.instagram.com\/fromthemagicalrealm\/\"]}]}<\/script>\n<!-- \/ Yoast SEO plugin. -->","yoast_head_json":{"title":"Malachitas, 106g. &bull; from the magical realm","description":"Malachitas galingas transformacijos akmuo. Balansuoja emocija, atne\u0161a pusiausvyros protui, kad gal\u0117tum\u0117te priimti teisingus sprendimus.","robots":{"index":"index","follow":"follow","max-snippet":"max-snippet:-1","max-image-preview":"max-image-preview:large","max-video-preview":"max-video-preview:-1"},"canonical":"https:\/\/fromthemagicalrealm.com\/index.php\/product\/malachitas-106g\/","og_locale":"lt_LT","og_type":"article","og_title":"Malachitas, 106g. &bull; from the magical realm","og_description":"Malachitas galingas transformacijos akmuo. Balansuoja emocija, atne\u0161a pusiausvyros protui, kad gal\u0117tum\u0117te priimti teisingus sprendimus.","og_url":"https:\/\/fromthemagicalrealm.com\/index.php\/product\/malachitas-106g\/","og_site_name":"from the magical realm","article_publisher":"https:\/\/www.facebook.com\/fromthemagicalrealm","article_modified_time":"2025-01-17T13:29:05+00:00","og_image":[{"width":1920,"height":2560,"url":"http:\/\/fromthemagicalrealm.com\/wp-content\/uploads\/2025\/01\/IMG_0386-scaled.jpeg","type":"image\/jpeg"}],"twitter_card":"summary_large_image","twitter_misc":{"Est. reading time":"1 minut\u0117"},"schema":{"@context":"https:\/\/schema.org","@graph":[{"@type":"WebPage","@id":"https:\/\/fromthemagicalrealm.com\/index.php\/product\/malachitas-106g\/","url":"https:\/\/fromthemagicalrealm.com\/index.php\/product\/malachitas-106g\/","name":"Malachitas, 106g. &bull; from the magical realm","isPartOf":{"@id":"https:\/\/fromthemagicalrealm.com\/#website"},"datePublished":"2025-01-17T13:27:54+00:00","dateModified":"2025-01-17T13:29:05+00:00","description":"Malachitas galingas transformacijos akmuo. Balansuoja emocija, atne\u0161a pusiausvyros protui, kad gal\u0117tum\u0117te priimti teisingus sprendimus.","breadcrumb":{"@id":"https:\/\/fromthemagicalrealm.com\/index.php\/product\/malachitas-106g\/#breadcrumb"},"inLanguage":"lt-LT","potentialAction":[{"@type":"ReadAction","target":["https:\/\/fromthemagicalrealm.com\/index.php\/product\/malachitas-106g\/"]}]},{"@type":"BreadcrumbList","@id":"https:\/\/fromthemagicalrealm.com\/index.php\/product\/malachitas-106g\/#breadcrumb","itemListElement":[{"@type":"ListItem","position":1,"name":"Home","item":"https:\/\/fromthemagicalrealm.com\/"},{"@type":"ListItem","position":2,"name":"Shop","item":"https:\/\/fromthemagicalrealm.com\/index.php\/shop\/"},{"@type":"ListItem","position":3,"name":"Malachitas, 106g."}]},{"@type":"WebSite","@id":"https:\/\/fromthemagicalrealm.com\/#website","url":"https:\/\/fromthemagicalrealm.com\/","name":"from the magical realm","description":"Nat\u016bral\u016bs kristalai","publisher":{"@id":"https:\/\/fromthemagicalrealm.com\/#\/schema\/person\/85dfa5d4809d3b3bf17cfed17108b346"},"potentialAction":[{"@type":"SearchAction","target":{"@type":"EntryPoint","urlTemplate":"https:\/\/fromthemagicalrealm.com\/?s={search_term_string}"},"query-input":"required name=search_term_string"}],"inLanguage":"lt-LT"},{"@type":["Person","Organization"],"@id":"https:\/\/fromthemagicalrealm.com\/#\/schema\/person\/85dfa5d4809d3b3bf17cfed17108b346","name":"fromthemagicalrealm.com","image":{"@type":"ImageObject","inLanguage":"lt-LT","@id":"https:\/\/fromthemagicalrealm.com\/#\/schema\/person\/image\/","url":"https:\/\/fromthemagicalrealm.com\/wp-content\/uploads\/2023\/08\/cropped-cropped-53FE4852-DD1C-43D1-B95F-5E004E5056D9.png","contentUrl":"https:\/\/fromthemagicalrealm.com\/wp-content\/uploads\/2023\/08\/cropped-cropped-53FE4852-DD1C-43D1-B95F-5E004E5056D9.png","width":3370,"height":2233,"caption":"fromthemagicalrealm.com"},"logo":{"@id":"https:\/\/fromthemagicalrealm.com\/#\/schema\/person\/image\/"},"sameAs":["http:\/\/fromthemagicalrealm.com","https:\/\/www.facebook.com\/fromthemagicalrealm","https:\/\/www.instagram.com\/fromthemagicalrealm\/"]}]}},"_links":{"self":[{"href":"https:\/\/fromthemagicalrealm.com\/index.php\/wp-json\/wp\/v2\/product\/3962","targetHints":{"allow":["GET"]}}],"collection":[{"href":"https:\/\/fromthemagicalrealm.com\/index.php\/wp-json\/wp\/v2\/product"}],"about":[{"href":"https:\/\/fromthemagicalrealm.com\/index.php\/wp-json\/wp\/v2\/types\/product"}],"version-history":[{"count":1,"href":"https:\/\/fromthemagicalrealm.com\/index.php\/wp-json\/wp\/v2\/product\/3962\/revisions"}],"predecessor-version":[{"id":3963,"href":"https:\/\/fromthemagicalrealm.com\/index.php\/wp-json\/wp\/v2\/product\/3962\/revisions\/3963"}],"wp:featuredmedia":[{"embeddable":true,"href":"https:\/\/fromthemagicalrealm.com\/index.php\/wp-json\/wp\/v2\/media\/3951"}],"wp:attachment":[{"href":"https:\/\/fromthemagicalrealm.com\/index.php\/wp-json\/wp\/v2\/media?parent=3962"}],"wp:term":[{"taxonomy":"product_cat","embeddable":true,"href":"https:\/\/fromthemagicalrealm.com\/index.php\/wp-json\/wp\/v2\/product_cat?post=3962"},{"taxonomy":"product_tag","embeddable":true,"href":"https:\/\/fromthemagicalrealm.com\/index.php\/wp-json\/wp\/v2\/product_tag?post=3962"}],"curies":[{"name":"wp","href":"https:\/\/api.w.org\/{rel}","templated":true}]}}